r of 2341 and 76567087?
2341
Calculate the greatest common divisor of 651 and 1149477.
21
What is the greatest common divisor of 1121142307 and 5501?
5501
Calculate the highest common factor of 346 and 1853444323.
173
What is the highest common divisor of 64675 and 291535?
995
What is the greatest common factor of 4978668828 and 4042?
4042
Calculate the greatest common factor of 8248809 and 55647.
687
Calculate the greatest common divisor of 157426 and 22.
2
Calculate the greatest common divisor of 1712 and 413662.
214
What is the greatest common factor of 29160 and 49800?
120
What is the greatest common factor of 471475458 and 18?
18
What is the highest common factor of 472325 and 289800?
175
Calculate the highest common factor of 229440 and 240960.
960
Calculate the highest common factor of 3600943 and 1790.
179
Calculate the greatest common factor of 893525 and 2776.
347
Calculate the highest common divisor of 5624 and 2639062.
1406
Calculate the greatest common factor of 13929414 and 7152.
894
Calculate the greatest common divisor of 541555905 and 55.
55
What is the greatest common divisor of 220148 and 113587?
1171
Calculate the highest common factor of 255 and 585174.
51
Calculate the highest common divisor of 97573760 and 1600.
320
What is the highest common divisor of 3927 and 7157205?
33
Calculate the highest common factor of 9538816 and 128.
128
Calculate the greatest common factor of 1290 and 1437990.
30
What is the greatest common factor of 46592912 and 198712?
3368
What is the greatest common divisor of 4597560 and 240?
120
What is the greatest common factor of 3890 and 20577322?
778
Calculate the highest common divisor of 599396750 and 750.
250
What is the greatest common divisor of 46225 and 1233283?
1849
What is the greatest common divisor of 10483580 and 6855?
2285
Calculate the highest common factor of 142842 and 944832.
798
What is the highest common divisor of 1585936 and 704?
176
Calculate the greatest common factor of 2247 and 33495.
21
Calculate the highest common divisor of 301992465 and 213.
213
Calculate the greatest common divisor of 3679352 and 7149.
2383
What is the greatest common factor of 841 and 1539639?
29
What is the greatest common factor of 962331 and 5035?
19
Calculate the greatest common factor of 1925266574 and 847.
847
Calculate the highest common factor of 127 and 4539869.
127
What is the greatest common factor of 45818 and 333289?
739
What is the greatest common factor of 3266046 and 13800?
138
Calculate the greatest common factor of 298412 and 2651464.
4892
Calculate the greatest common divisor of 337467240 and 11880.
3960
Calculate the highest common factor of 1070834537 and 1423.
1423
What is the highest common divisor of 1962 and 1554170832?
1962
Calculate the greatest common factor of 11685 and 23260940.
3895
What is the greatest common divisor of 171890289 and 27?
27
What is the highest common divisor of 28532570 and 220?
110
What is the greatest common divisor of 16890525 and 60?
15
What is the greatest common factor of 41672965 and 3470?
1735
Calculate the greatest common divisor of 1879 and 604773061.
1879
What is the highest common divisor of 2154 and 10464850?
718
Calculate the highest common factor of 58898 and 1904.
14
What is the greatest common factor of 110557309 and 25691?
1117
Calculate the highest common divisor of 9474 and 20607.
3
Calculate the greatest common divisor of 16876216 and 56.
56
What is the greatest common divisor of 1608736 and 8816?
16
Calculate the greatest common divisor of 81 and 372717.
9
What is the highest common divisor of 42 and 11732882?
14
Calculate the highest common factor of 66 and 935559.
3
What is the greatest common factor of 1023778 and 1057?
7
Calculate the highest common factor of 987083286 and 14.
14
What is the highest common divisor of 35697263 and 119?
119
What is the greatest common divisor of 4654 and 20717281?
2327
What is the greatest common divisor of 6221 and 903245653?
6221
What is the highest common factor of 158194 and 34362?
46
Calculate the greatest common factor of 182180 and 1100.
20
Calculate the greatest common divisor of 569363 and 731.
43
What is the greatest common factor of 103992 and 210680364?
7428
Calculate the greatest common factor of 144 and 4376646.
18
What is the highest common factor of 927 and 1186870545?
927
Calculate the greatest common divisor of 161068612 and 3976.
284
What is the greatest common factor of 49243376 and 1091?
1091
Calculate the greatest common factor of 60 and 35556456.
12
What is the greatest common factor of 698629 and 15293?
373
Calculate the highest common factor of 21606164 and 4364.
4364
Calculate the greatest common factor of 30955 and 32360357.
6191
What is the highest common factor of 1539647851 and 497?
497
Calculate the highest common factor of 1372026 and 804.
402
What is the highest common divisor of 213193134 and 1155?
231
What is the greatest common factor of 221302 and 1682?
2
What is the highest common divisor of 1738 and 57250589?
869
Calculate the greatest common factor of 48229 and 9180.
17
What is the highest common factor of 169099212 and 15216?
3804
What is the highest common factor of 79350450 and 510?
30
Calculate the greatest common factor of 684 and 1437996.
228
Calculate the highest common factor of 414 and 1105656.
138
Calculate the greatest common divisor of 165840 and 5640.
120
What is the highest common factor of 4400300 and 2370?
790
Calculate the highest common divisor of 73940 and 1241980.
20
Calculate the greatest common divisor of 31559841 and 27.
27
What is the greatest common factor of 201 and 14190667?
67
Calculate the greatest common factor of 1652928 and 288.
96
What is the greatest common factor of 5544407 and 7139?
649
Calculate the greatest common factor of 60114 and 81618.
6
Calculate the highest common factor of 7 and 15513078.
7
Calculate the greatest common factor of 97341745 and 3651.
1217
Calculate the greatest common factor of 1895763 and 912.
57
What is the greatest common divisor of 34898960 and 1020?
340
What is the highest common divisor of 19975395 and 55?
55
Calculate the highest common divisor of 119 and 238460.
1
Calculate the highest common divisor of 131704 and 26569.
163
Calculate the greatest common factor of 144 and 2783160.
72
Calculate the greatest common factor of 10445226 and 13992.
66
What is the greatest common divisor of 86496 and 18632?
136
Calculate the greatest common factor of 366 and 69053769.
183
What is the highest common divisor of 864 and 749412?
108
What is the greatest common divisor of 660716 and 3920?
196
What is the greatest common divisor of 77628346 and 4?
2
Calculate the greatest common divisor of 28256 and 82752.
32
Calculate the greatest common factor of 898 and 61554308.
898
Calculate the highest common factor of 240150042 and 332.
166
What is the highest common divisor of 301094 and 164590?
302
What is the highest common factor of 1558 and 1963422?
38
Calculate the highest common factor of 5837282 and 968.
242
Calculate the highest common factor of 549 and 36890307.
9
What is the highest common divisor of 1563909 and 741?
57
What is the highest common factor of 27936045 and 49685?
2615
What is the highest common divisor of 34990222 and 1081?
23
What is the greatest common divisor of 5208540 and 26820?
60
Calculate the greatest common factor of 1790815 and 520.
65
What is the highest common divisor of 201 and 65262489?
201
What is the greatest common divisor of 16321 and 3624174?
19
What is the greatest common divisor of 572 and 7342984?
44
What is the highest common divisor of 397481286 and 6?
6
What is the greatest common divisor of 203 and 295141091?
203
What is the highest common factor of 7965717 and 25152?
393
Calculate the greatest common divisor of 69678097 and 116.
29
What is the highest common divisor of 70 and 132557210?
10
What is the highest common divisor of 3978 and 210660957?
1989
Calculate the highest common divisor of 848 and 1778362.
106
What is the highest common divisor of 193232584 and 760?
152
Calculate the greatest common factor of 17190 and 10110.
30
Calculate the greatest common factor of 1040 and 14875640.
520
Calculate the greatest common factor of 9115417 and 2363.
17
What